t common divisor of 23468240 and 5425?
155
Calculate the greatest common factor of 1228 and 7732.
4
What is the highest common factor of 102 and 72472758?
6
What is the highest common divisor of 8421841 and 23?
23
What is the highest common factor of 297 and 1189674?
27
Calculate the greatest common divisor of 15917 and 46651.
11
Calculate the highest common factor of 500390 and 594.
22
Calculate the greatest common factor of 7640 and 397082888.
1528
What is the greatest common divisor of 945965 and 112115?
85
Calculate the highest common divisor of 13770554 and 378.
14
What is the highest common divisor of 43953722 and 12710?
2542
What is the greatest common factor of 344 and 31542908?
172
Calculate the highest common divisor of 5033 and 41702.
719
What is the highest common divisor of 11033022 and 189?
21
What is the greatest common divisor of 5058 and 94194?
18
What is the greatest common divisor of 57 and 100870050?
57
Calculate the greatest common divisor of 1985045 and 893.
47
Calculate the greatest common factor of 904400 and 4447064.
2584
Calculate the greatest common factor of 154552713 and 2058.
1029
Calculate the greatest common divisor of 26264940 and 34730.
1510
What is the greatest common divisor of 1705561 and 120263?
143
Calculate the greatest common factor of 2242 and 5569451.
19
What is the greatest common divisor of 2612 and 4?
4
What is the greatest common divisor of 558 and 1527426?
18
What is the greatest common factor of 5004426 and 815?
163
What is the greatest common divisor of 513 and 163154007?
513
Calculate the greatest common factor of 267124 and 169429.
13
Calculate the greatest common divisor of 5396 and 5359824.
76
What is the highest common factor of 21984 and 88800?
96
Calculate the greatest common divisor of 32561890 and 5370.
1790
Calculate the highest common divisor of 1803737 and 1642.
821
Calculate the highest common factor of 3049002 and 358248.
3894
Calculate the greatest common factor of 122 and 70995704.
122
Calculate the greatest common divisor of 147928 and 11000.
88
Calculate the greatest common factor of 1556436 and 462.
42
What is the greatest common factor of 438 and 110157?
219
What is the highest common factor of 43749264 and 1560?
312
What is the greatest common factor of 810 and 752190?
30
Calculate the greatest common divisor of 44 and 2076634.
2
Calculate the highest common factor of 25341575 and 7.
7
Calculate the greatest common factor of 437427 and 51.
51
Calculate the greatest common factor of 45 and 26630385.
15
Calculate the highest common divisor of 1644692 and 46291.
2723
Calculate the highest common factor of 6870208 and 144.
16
Calculate the highest common factor of 188313 and 185607.
123
What is the greatest common divisor of 832 and 6540599?
13
What is the highest common divisor of 16577940 and 555?
15
Calculate the highest common divisor of 225 and 483450975.
225
What is the greatest common divisor of 10482 and 142188330?
10482
What is the highest common factor of 213856 and 736?
32
What is the highest common divisor of 4 and 3507930?
2
What is the greatest common factor of 12606265 and 735?
35
What is the highest common factor of 393 and 339337553?
131
What is the highest common factor of 6940 and 92851995?
1735
What is the highest common factor of 325261 and 1020?
17
What is the highest common divisor of 244 and 70132432?
244
What is the highest common divisor of 846 and 15949215?
423
Calculate the greatest common factor of 3349 and 1852391.
197
Calculate the highest common divisor of 53071 and 276524.
73
What is the highest common divisor of 96512 and 74035840?
3712
What is the greatest common factor of 316801436 and 13881?
4627
What is the greatest common divisor of 4977037 and 37621?
2213
What is the highest common divisor of 2607 and 8203899?
33
Calculate the greatest common divisor of 240 and 107547792.
48
What is the greatest common factor of 368 and 214162936?
184
What is the greatest common factor of 31043500 and 1700?
100
Calculate the greatest common factor of 715416 and 1599.
39
What is the highest common factor of 5087308 and 8?
4
Calculate the greatest common divisor of 289842 and 132664.
1442
What is the highest common divisor of 16720452 and 459?
459
Calculate the highest common divisor of 37 and 332308507.
37
What is the highest common divisor of 204240 and 557368?
296
Calculate the greatest common divisor of 308 and 89945576.
28
What is the greatest common divisor of 442 and 62281115?
221
Calculate the highest common divisor of 147925 and 99425.
2425
What is the greatest common divisor of 240437709 and 9?
9
Calculate the highest common divisor of 726494 and 1925279.
233
Calculate the greatest common divisor of 1890 and 13003900.
70
Calculate the greatest common divisor of 5244 and 34916.
4
Calculate the greatest common factor of 176331939 and 2583.
861
Calculate the greatest common factor of 451 and 3993.
11
What is the highest common divisor of 1008 and 582057?
63
What is the highest common divisor of 2368715014 and 262?
262
What is the highest common divisor of 579174530 and 2090?
2090
What is the greatest common divisor of 731055 and 94540?
815
Calculate the greatest common factor of 2835296 and 2528.
32
What is the greatest common factor of 1967714 and 91?
7
What is the highest common divisor of 5319688 and 16456?
88
Calculate the highest common factor of 1316935 and 55.
5
What is the greatest common divisor of 65389 and 99751?
23
Calculate the highest common factor of 194 and 33552979.
97
What is the greatest common factor of 4222908 and 120508?
2564
What is the highest common divisor of 3002 and 4874458?
158
What is the greatest common factor of 3061685 and 17160?
55
Calculate the highest common factor of 110 and 44701590.
10
What is the highest common factor of 63614 and 23735506?
3742
Calculate the highest common divisor of 728329500 and 1395.
1395
Calculate the highest common factor of 41491955 and 9820.
2455
Calculate the greatest common divisor of 16853072 and 282.
94
What is the highest common factor of 47 and 87150972?
47
Calculate the highest common divisor of 103 and 1167924622.
103
What is the greatest common factor of 659654400 and 768?
768
Calculate the highest common factor of 533 and 20303114.
13
What is the greatest common factor of 1795 and 727600?
5
Calculate the greatest common divisor of 26 and 465052562.
26
Calculate the greatest common divisor of 61893 and 40733.
529
Calculate the greatest common divisor of 102919 and 1117843.
1019
Calculate the greatest common factor of 4369 and 170.
17
What is the highest common divisor of 5350810 and 3270?
1090
What is the greatest common factor of 3446425 and 640925?
775
Calculate the highest common factor of 1258053 and 15.
3
What is the highest common factor of 471385 and 15640?
115
What is the highest common factor of 59327373 and 1582?
791
What is the highest common factor of 295880893 and 6622?
3311
What is the greatest common divisor of 5668 and 545654?
218
Calculate the highest common factor of 15444715 and 5995.
55
Calculate the greatest common divisor of 1007556482 and 62.
62
Calculate the greatest common divisor of 925 and 255004.
37
Calculate the highest common divisor of 24849986 and 6118.
266
What is the highest common factor of 11064813 and 80467?
1201
What is the greatest common divisor of 1806 and 25793034?
258
Calculate the greatest common divisor of 72583152 and 2604.
372
Calculate the greatest common factor of 22176 and 4206024.
72
What is the highest common factor of 14564 and 3578696?
44
Calculate the highest common divisor of 115247733 and 345.
69
What is the greatest common divisor of 1337100 and 330?
30
What is the greatest common divisor of 5792 and 41838512?
2896
Calculate the highest common factor of 5216392 and 3336.
1112
Calculate the highest common divisor of 688344 and 6900.
276
What is the greatest common factor of 5060 and 6145876?
1012
What is the highest common divisor of 473515728 and 21?
21
Calculate the highest common divisor of 30398482 and 136.
34
What is the highest common divisor of 152009 and 10231?
13
Calculate the highest common divisor of 760 and 757992.
8
What is the highest common divisor of 29117064 and 846?
282
What is the highest common di